{"id":1161,"date":"2014-08-06T10:19:48","date_gmt":"2014-08-06T10:19:48","guid":{"rendered":"http:\/\/sy-bahati.de\/?page_id=1161"},"modified":"2014-08-07T08:41:46","modified_gmt":"2014-08-07T08:41:46","slug":"satellitentelefon","status":"publish","type":"page","link":"https:\/\/sy-bahati.de\/?page_id=1161","title":{"rendered":"Satellitentelefon"},"content":{"rendered":"<p>F\u00fcr eine Weltumsegelung lohnt sicher der Aufwand f\u00fcr die Installation eines Kurzwellenfunkger\u00e4tes. Wir haben uns wegen des gro\u00dfen Aufwands f\u00fcr die 3-w\u00f6chige Atlantik\u00fcberquerung und ggf. den 3-w\u00f6chigen R\u00fcckweg, dagegen entschieden. Statt dessen\u00a0wird w\u00e4hrend dieser Zeit das Satellitentelefon die Kommunikation f\u00fcr uns erm\u00f6glichen.<br \/>\nEin paar Euros haben wir dadurch gespart, dass wir ein originalverpacktes aber \u00e4lteres Modell, das Iridium 9555, bei ebay ersteigert haben. Das Modell wird gleich mit einem <a href=\"https:\/\/sy-bahati.de\/wp-content\/uploads\/2014\/08\/Iridium9555.jpg\"><img loading=\"lazy\" decoding=\"async\" class=\"alignleft size-medium wp-image-1168\" src=\"https:\/\/sy-bahati.de\/wp-content\/uploads\/2014\/08\/Iridium9555-300x199.jpg\" alt=\"Iridium9555\" width=\"300\" height=\"199\" srcset=\"https:\/\/sy-bahati.de\/wp-content\/uploads\/2014\/08\/Iridium9555-300x199.jpg 300w, https:\/\/sy-bahati.de\/wp-content\/uploads\/2014\/08\/Iridium9555-450x300.jpg 450w, https:\/\/sy-bahati.de\/wp-content\/uploads\/2014\/08\/Iridium9555.jpg 500w\" sizes=\"auto, (max-width: 300px) 100vw, 300px\" \/><\/a>Data-Pack geliefert. Also fehlte nur eine entsprechend Prepaid-SIM-Karte (wie beim Handy). Hier entschieden wir uns f\u00fcr 500 Minuten und eine G\u00fcltigkeitsdauer von 12 Monaten. Die Karten k\u00f6nnen verl\u00e4ngert\u00a0und auch\u00a0Minuten hinzugebucht werden. Dies war f\u00fcr unsere Zwecke aber die g\u00fcnstigste Variante.\u00a0Beratend stand uns Herr Cramer vom <a title=\"m-cramer-satellitenservices.de\" href=\"http:\/\/www.m-cramer-satellitenservices.de\" target=\"_blank\">Satellitenservice Cramer <\/a>zur Seite. Mit der SIM-Karte funktioniert das Telefon wie jedes normale Mobiltelefon. Nat\u00fcrlich sollte man die Kosten von \u00fcber einem Euro pro Verbindungsminute nicht vergessen.<br \/>\nDie eigentliche Aufgabe f\u00fcr unser Satellitentelefon soll es aber sein, Daten per E-Mail auszutauschen. In erster Linie Wetterdaten. Ab hier beginnt das Thema &#8222;interessant&#8220; zu werden. Mit der beiliegenden Beschreibung und der CD ist es relativ einfach, eine Serielle Schnittstelle auf den USB-Port zu schalten. Dazu wird nach Anleitung der USB-Treiber installiert. Das &#8222;Iridium-Modem&#8220; wird danach installiert und mit der konfigurierten seriellen Schnittstelle verkn\u00fcpft. Jetzt kann das Iridium-Telefon mit dem beiliegenden USB-Kabel an den Computer angeschlossen\u00a0und wie ein Modem genutzt werden. F\u00fcr die Verbindung mit dem Internet gibt es von Iridium eine Einwahlnummer. Die Verbindung \u00fcber Satellit wird von dort ins Internet geroutet.<a href=\"https:\/\/sy-bahati.de\/wp-content\/uploads\/2014\/08\/Iridium_Modem.jpg\"><img loading=\"lazy\" decoding=\"async\" class=\"alignright size-medium wp-image-1167\" src=\"https:\/\/sy-bahati.de\/wp-content\/uploads\/2014\/08\/Iridium_Modem-300x199.jpg\" alt=\"Iridium_Modem\" width=\"300\" height=\"199\" srcset=\"https:\/\/sy-bahati.de\/wp-content\/uploads\/2014\/08\/Iridium_Modem-300x199.jpg 300w, https:\/\/sy-bahati.de\/wp-content\/uploads\/2014\/08\/Iridium_Modem-450x300.jpg 450w, https:\/\/sy-bahati.de\/wp-content\/uploads\/2014\/08\/Iridium_Modem.jpg 500w\" sizes=\"auto, (max-width: 300px) 100vw, 300px\" \/><\/a><br \/>\nNun wird ein E-Mail-Programm ben\u00f6tigt. Weil das Modem nur mit maximal 2,4 kbit arbeitet, ist die Gr\u00f6\u00dfe einer E-Mail schon sehr wichtig. Also wollten wir ein Mail-Programm mit Datenkompression und Sat-Optimierung nutzen. Auch durch einige positive Berichte fiel die Wahl auf Sky-File. Ein kostenloses Programm. Download per Internet und anschlie\u00dfend nur noch bei Astrium (Airbus)\u00a0registrieren lassen. Nachdem der Download abgeschlossen\u00a0und das Registrierungsformular abgesandt war kamen die Nachfragen per Mail von Astrium. Die SIM-Karte war nicht von Astrium, also gibt es auch keine Registrierung und somit auch kein kostenloses E-Mail Programm. Die Anfrage bei Cramer ergab eine Empfehlung von zwei alternativen Softwarel\u00f6sungen, beide aber kostenpflichtig. <a title=\"mailasail.com\" href=\"http:\/\/www.mailasail.com\" target=\"_blank\">&#8222;MailASail&#8220;<\/a> scheint noch eine vern\u00fcnftige kostenpflichtige Alternative zu sein. Zun\u00e4chst haben wir Outlook 2010 ohne Komprimierung eingerichtet. Nach vielen Versuchen und Anfragen bei den verschiedensten Support-Hotline-Nummern ist das Senden und Empfangen von e-Mails per Satellitentelefon nun problemlos \u00fcber Outlook m\u00f6glich. F\u00fcr Interessierte ist die Einrichtung von Outlook auf einer <a title=\"Outlook f\u00fcr Sat\" href=\"https:\/\/sy-bahati.de\/?page_id=1170\">Extraseite<\/a> separat dokumentiert.<\/p>\n<p><a title=\"Yacht Aufr\u00fcstung\" href=\"https:\/\/sy-bahati.de\/?page_id=111\">ZUR\u00dcCK<\/a><\/p>\n<p style=\"text-align: right;\">05.08.2014<\/p>\n","protected":false},"excerpt":{"rendered":"<p>F\u00fcr eine Weltumsegelung lohnt sicher der Aufwand f\u00fcr die Installation eines Kurzwellenfunkger\u00e4tes. Wir haben uns wegen des gro\u00dfen Aufwands f\u00fcr die 3-w\u00f6chige Atlantik\u00fcberquerung und ggf. den 3-w\u00f6chigen R\u00fcckweg, dagegen entschieden. Statt dessen\u00a0wird w\u00e4hrend dieser Zeit das Satellitentelefon die Kommunikation f\u00fcr &hellip; <a href=\"https:\/\/sy-bahati.de\/?page_id=1161\">Weiterlesen <span class=\"meta-nav\">&rarr;<\/span><\/a><\/p>\n","protected":false},"author":1,"featured_media":0,"parent":111,"menu_order":0,"comment_status":"closed","ping_status":"closed","template":"sidebar-page.php","meta":{"_exactmetrics_skip_tracking":false,"_exactmetrics_sitenote_active":false,"_exactmetrics_sitenote_note":"","_exactmetrics_sitenote_category":0,"footnotes":""},"class_list":["post-1161","page","type-page","status-publish","hentry"],"_links":{"self":[{"href":"https:\/\/sy-bahati.de\/index.php?rest_route=\/wp\/v2\/pages\/1161","targetHints":{"allow":["GET"]}}],"collection":[{"href":"https:\/\/sy-bahati.de\/index.php?rest_route=\/wp\/v2\/pages"}],"about":[{"href":"https:\/\/sy-bahati.de\/index.php?rest_route=\/wp\/v2\/types\/page"}],"author":[{"embeddable":true,"href":"https:\/\/sy-bahati.de\/index.php?rest_route=\/wp\/v2\/users\/1"}],"replies":[{"embeddable":true,"href":"https:\/\/sy-bahati.de\/index.php?rest_route=%2Fwp%2Fv2%2Fcomments&post=1161"}],"version-history":[{"count":7,"href":"https:\/\/sy-bahati.de\/index.php?rest_route=\/wp\/v2\/pages\/1161\/revisions"}],"predecessor-version":[{"id":1185,"href":"https:\/\/sy-bahati.de\/index.php?rest_route=\/wp\/v2\/pages\/1161\/revisions\/1185"}],"up":[{"embeddable":true,"href":"https:\/\/sy-bahati.de\/index.php?rest_route=\/wp\/v2\/pages\/111"}],"wp:attachment":[{"href":"https:\/\/sy-bahati.de\/index.php?rest_route=%2Fwp%2Fv2%2Fmedia&parent=1161"}],"curies":[{"name":"wp","href":"https:\/\/api.w.org\/{rel}","templated":true}]}}