{"id":1418,"date":"2014-10-24T12:43:25","date_gmt":"2014-10-24T12:43:25","guid":{"rendered":"http:\/\/sy-bahati.de\/?page_id=1418"},"modified":"2014-10-24T16:01:28","modified_gmt":"2014-10-24T16:01:28","slug":"medizinkoffer","status":"publish","type":"page","link":"https:\/\/sy-bahati.de\/?page_id=1418","title":{"rendered":"Medizinkoffer"},"content":{"rendered":"<p><a href=\"https:\/\/sy-bahati.de\/wp-content\/uploads\/2014\/10\/Medizin_Schrank2.jpg\"><img loading=\"lazy\" decoding=\"async\" class=\"alignleft size-medium wp-image-1402\" src=\"https:\/\/sy-bahati.de\/wp-content\/uploads\/2014\/10\/Medizin_Schrank2-199x300.jpg\" alt=\"Medizin_Schrank2\" width=\"199\" height=\"300\" srcset=\"https:\/\/sy-bahati.de\/wp-content\/uploads\/2014\/10\/Medizin_Schrank2-199x300.jpg 199w, https:\/\/sy-bahati.de\/wp-content\/uploads\/2014\/10\/Medizin_Schrank2.jpg 666w\" sizes=\"auto, (max-width: 199px) 100vw, 199px\" \/><\/a>Wegen der \u00dcbersichtlichkeit haben wir auf einen Medizinkoffer verzichtet. Stattdessen haben wir unsere Medikamente, Verbandszeug und Ger\u00e4te in zwei H\u00e4ngeschr\u00e4nken verteilt. Den Inhalt der Medizinschr\u00e4nke haben wir unter &#8222;Atlantik\u00fcberquerung&#8220;- <a title=\"Medikamente\" href=\"https:\/\/sy-bahati.de\/?page_id=1437\">Medikamente<\/a> separat aufgef\u00fchrt.<\/p>\n<p><a href=\"https:\/\/sy-bahati.de\/wp-content\/uploads\/2014\/10\/Medizin_Schrank1.jpg\"><img loading=\"lazy\" decoding=\"async\" class=\"alignright size-medium wp-image-1401\" src=\"https:\/\/sy-bahati.de\/wp-content\/uploads\/2014\/10\/Medizin_Schrank1-300x199.jpg\" alt=\"Medizin_Schrank1\" width=\"300\" height=\"199\" srcset=\"https:\/\/sy-bahati.de\/wp-content\/uploads\/2014\/10\/Medizin_Schrank1-300x199.jpg 300w, https:\/\/sy-bahati.de\/wp-content\/uploads\/2014\/10\/Medizin_Schrank1-450x300.jpg 450w, https:\/\/sy-bahati.de\/wp-content\/uploads\/2014\/10\/Medizin_Schrank1.jpg 1000w\" sizes=\"auto, (max-width: 300px) 100vw, 300px\" \/><\/a>Unser bisheriger Standardmedizinkoffer wurde nicht ber\u00fccksichtigt und als zus\u00e4tzliche Erg\u00e4nzungsm\u00f6glichkeit einfach so belassen.<\/p>\n<p style=\"text-align: right;\">24.10.2014<\/p>\n<p><a title=\"Yacht Aufr\u00fcstung\" href=\"https:\/\/sy-bahati.de\/?page_id=111\">ZUR\u00dcCK<\/a><\/p>\n","protected":false},"excerpt":{"rendered":"<p>Wegen der \u00dcbersichtlichkeit haben wir auf einen Medizinkoffer verzichtet. Stattdessen haben wir unsere Medikamente, Verbandszeug und Ger\u00e4te in zwei H\u00e4ngeschr\u00e4nken verteilt. Den Inhalt der Medizinschr\u00e4nke haben wir unter &#8222;Atlantik\u00fcberquerung&#8220;- Medikamente separat aufgef\u00fchrt. Unser bisheriger Standardmedizinkoffer wurde nicht ber\u00fccksichtigt und als &hellip; <a href=\"https:\/\/sy-bahati.de\/?page_id=1418\">Weiterlesen <span class=\"meta-nav\">&rarr;<\/span><\/a><\/p>\n","protected":false},"author":1,"featured_media":0,"parent":111,"menu_order":0,"comment_status":"closed","ping_status":"closed","template":"sidebar-page.php","meta":{"_exactmetrics_skip_tracking":false,"_exactmetrics_sitenote_active":false,"_exactmetrics_sitenote_note":"","_exactmetrics_sitenote_category":0,"footnotes":""},"class_list":["post-1418","page","type-page","status-publish","hentry"],"_links":{"self":[{"href":"https:\/\/sy-bahati.de\/index.php?rest_route=\/wp\/v2\/pages\/1418","targetHints":{"allow":["GET"]}}],"collection":[{"href":"https:\/\/sy-bahati.de\/index.php?rest_route=\/wp\/v2\/pages"}],"about":[{"href":"https:\/\/sy-bahati.de\/index.php?rest_route=\/wp\/v2\/types\/page"}],"author":[{"embeddable":true,"href":"https:\/\/sy-bahati.de\/index.php?rest_route=\/wp\/v2\/users\/1"}],"replies":[{"embeddable":true,"href":"https:\/\/sy-bahati.de\/index.php?rest_route=%2Fwp%2Fv2%2Fcomments&post=1418"}],"version-history":[{"count":3,"href":"https:\/\/sy-bahati.de\/index.php?rest_route=\/wp\/v2\/pages\/1418\/revisions"}],"predecessor-version":[{"id":1443,"href":"https:\/\/sy-bahati.de\/index.php?rest_route=\/wp\/v2\/pages\/1418\/revisions\/1443"}],"up":[{"embeddable":true,"href":"https:\/\/sy-bahati.de\/index.php?rest_route=\/wp\/v2\/pages\/111"}],"wp:attachment":[{"href":"https:\/\/sy-bahati.de\/index.php?rest_route=%2Fwp%2Fv2%2Fmedia&parent=1418"}],"curies":[{"name":"wp","href":"https:\/\/api.w.org\/{rel}","templated":true}]}}