{"id":1477,"date":"2014-11-06T15:49:27","date_gmt":"2014-11-06T15:49:27","guid":{"rendered":"http:\/\/sy-bahati.de\/?page_id=1477"},"modified":"2014-11-06T15:49:27","modified_gmt":"2014-11-06T15:49:27","slug":"kartenplotter","status":"publish","type":"page","link":"https:\/\/sy-bahati.de\/?page_id=1477","title":{"rendered":"Kartenplotter"},"content":{"rendered":"<p>Die Bahati besitzt zwei Kartenplotter Raymarine E80.<\/p>\n<div id=\"attachment_1476\" style=\"width: 310px\" class=\"wp-caption alignright\"><a href=\"https:\/\/sy-bahati.de\/wp-content\/uploads\/2014\/11\/Plotter_Navi.jpg\"><img loading=\"lazy\" decoding=\"async\" aria-describedby=\"caption-attachment-1476\" class=\"size-medium wp-image-1476\" src=\"https:\/\/sy-bahati.de\/wp-content\/uploads\/2014\/11\/Plotter_Navi-300x228.jpg\" alt=\"Master Navigationsecke\" width=\"300\" height=\"228\" srcset=\"https:\/\/sy-bahati.de\/wp-content\/uploads\/2014\/11\/Plotter_Navi-300x228.jpg 300w, https:\/\/sy-bahati.de\/wp-content\/uploads\/2014\/11\/Plotter_Navi-393x300.jpg 393w, https:\/\/sy-bahati.de\/wp-content\/uploads\/2014\/11\/Plotter_Navi.jpg 1000w\" sizes=\"auto, (max-width: 300px) 100vw, 300px\" \/><\/a><p id=\"caption-attachment-1476\" class=\"wp-caption-text\">Master Navigationsecke<\/p><\/div>\n<p>Ein System, der Master, befindet sich im Schiff in der Navigationsecke und das zweite System, der Slave, ist oben an der Steuers\u00e4ule installiert. Auf diese Weise hat man an den zwei zentralen Stellen immer aktuelle Daten und sieht sein Schiff auf der elektronischen Navionics-Seekarte mit dem aktuellen Umfeld, speziell auch der AIS-Signale anderer Schiffe.<\/p>\n<p>Der Fehler tauchte zun\u00e4chst sehr vereinzelt schon im Nordostseekanal auf. Der Master-Plotte ging aus und schaltete sich danach sofort wieder ein. \u00c4hnlich einem Reset. Dadurch bekam der zweite Plotter an der Steuers\u00e4ule keine Daten und piepte schrill Alarm. War der Master wieder hochgelaufen, funktionierten beide Systeme wieder problemlos. Ab Helgoland tauchte der Fehler nicht mehr auf. Dann aber wieder ab Vlissingen und mit zunehmender Zeit immer h\u00e4ufiger. Sicherheitshalber programmierten wir unsere Hand-GPS-Ger\u00e4te mit unseren Ansteuerungspunkten.<\/p>\n<div id=\"attachment_1475\" style=\"width: 310px\" class=\"wp-caption alignleft\"><a href=\"https:\/\/sy-bahati.de\/wp-content\/uploads\/2014\/11\/Plotter_Cockpit.jpg\"><img loading=\"lazy\" decoding=\"async\" aria-describedby=\"caption-attachment-1475\" class=\"size-medium wp-image-1475\" src=\"https:\/\/sy-bahati.de\/wp-content\/uploads\/2014\/11\/Plotter_Cockpit-300x230.jpg\" alt=\"Slave am Steuerstand\" width=\"300\" height=\"230\" srcset=\"https:\/\/sy-bahati.de\/wp-content\/uploads\/2014\/11\/Plotter_Cockpit-300x230.jpg 300w, https:\/\/sy-bahati.de\/wp-content\/uploads\/2014\/11\/Plotter_Cockpit-391x300.jpg 391w, https:\/\/sy-bahati.de\/wp-content\/uploads\/2014\/11\/Plotter_Cockpit.jpg 1000w\" sizes=\"auto, (max-width: 300px) 100vw, 300px\" \/><\/a><p id=\"caption-attachment-1475\" class=\"wp-caption-text\">Slave am Steuerstand<\/p><\/div>\n<p>Der Versuch Master und Slave zu tauschen um herauszufinden, ob der Fehler tats\u00e4chlich an dem Master-System liegt, scheiterte schon im Ansatz. Der Slave ist mit gesicherten Imbusschrauben befestigt. Dazu gab es an Bord keinen Schl\u00fcssel. Jetzt haben wir uns einen anfertigen lassen. Ohne das also zuvor testen zu k\u00f6nnen, haben wir auf Jersey nach Hilfe gesucht und gefunden.<br \/>\nPhil Brown von Windward Marine Electronics Limited kam p\u00fcnktlich zur Terminabsprache an Bord und lie\u00df sich das Problem schildern. Er hatte bereits von solchen Fehlern geh\u00f6rt und hat zwei m\u00f6gliche Fehlerursachen erl\u00e4utert. Hin und wieder ist die Datenleitung zum Slave am Steuerstand nicht mehr in Ordnung. Oder die Systemsoftware ist veraltet. Letzten Punkt konnte ich best\u00e4tigen. So hatte ich im Vorfeld unserer Reise mehrfach versucht die Software auf den neuesten Stand zu bringen. Das ist mir trotz Anleitung und verschiedener Speicherchips nicht gelungen. Da unsere Etappe hier in Jersey zun\u00e4chst beendet war, konnten wir den Schl\u00fcssel an Phil \u00fcbergeben und er hatte gen\u00fcgend Zeit das System wieder instand zu setzen. Zwischenzeitlich informierte er mich immer wieder per Mail \u00fcber den Stand. Letztendlich f\u00fchrte er an beiden Systemen ein Update durch testete die Systeme ausgiebig. Damit war der Fehler behoben und ist bis heute nicht mehr aufgetreten. Danke Phil!<\/p>\n<p>Nebenbei erfuhren wir, dass wir die Plotter nicht mal so eben gegen neue tauschen k\u00f6nnen. Das Radarsystem funktioniert n\u00e4mlich nur zusammen mit diesen Plottern. Also, wenn wir einmal neue Plotter ben\u00f6tigen, dann muss auch gleich ein neues Radarsystem her. Von Raymarine sicher nicht sehr kundenorientiert gedacht.<\/p>\n<p style=\"text-align: right;\">06.11.2014<\/p>\n<p><a title=\"Defekte\" href=\"https:\/\/sy-bahati.de\/?page_id=1461\">ZUR\u00dcCK<\/a><\/p>\n","protected":false},"excerpt":{"rendered":"<p>Die Bahati besitzt zwei Kartenplotter Raymarine E80. Ein System, der Master, befindet sich im Schiff in der Navigationsecke und das zweite System, der Slave, ist oben an der Steuers\u00e4ule installiert. Auf diese Weise hat man an den zwei zentralen Stellen &hellip; <a href=\"https:\/\/sy-bahati.de\/?page_id=1477\">Weiterlesen <span class=\"meta-nav\">&rarr;<\/span><\/a><\/p>\n","protected":false},"author":1,"featured_media":0,"parent":1461,"menu_order":0,"comment_status":"closed","ping_status":"closed","template":"sidebar-page.php","meta":{"_exactmetrics_skip_tracking":false,"_exactmetrics_sitenote_active":false,"_exactmetrics_sitenote_note":"","_exactmetrics_sitenote_category":0,"footnotes":""},"class_list":["post-1477","page","type-page","status-publish","hentry"],"_links":{"self":[{"href":"https:\/\/sy-bahati.de\/index.php?rest_route=\/wp\/v2\/pages\/1477","targetHints":{"allow":["GET"]}}],"collection":[{"href":"https:\/\/sy-bahati.de\/index.php?rest_route=\/wp\/v2\/pages"}],"about":[{"href":"https:\/\/sy-bahati.de\/index.php?rest_route=\/wp\/v2\/types\/page"}],"author":[{"embeddable":true,"href":"https:\/\/sy-bahati.de\/index.php?rest_route=\/wp\/v2\/users\/1"}],"replies":[{"embeddable":true,"href":"https:\/\/sy-bahati.de\/index.php?rest_route=%2Fwp%2Fv2%2Fcomments&post=1477"}],"version-history":[{"count":1,"href":"https:\/\/sy-bahati.de\/index.php?rest_route=\/wp\/v2\/pages\/1477\/revisions"}],"predecessor-version":[{"id":1478,"href":"https:\/\/sy-bahati.de\/index.php?rest_route=\/wp\/v2\/pages\/1477\/revisions\/1478"}],"up":[{"embeddable":true,"href":"https:\/\/sy-bahati.de\/index.php?rest_route=\/wp\/v2\/pages\/1461"}],"wp:attachment":[{"href":"https:\/\/sy-bahati.de\/index.php?rest_route=%2Fwp%2Fv2%2Fmedia&parent=1477"}],"curies":[{"name":"wp","href":"https:\/\/api.w.org\/{rel}","templated":true}]}}