{"id":577,"date":"2014-03-04T07:59:58","date_gmt":"2014-03-04T07:59:58","guid":{"rendered":"http:\/\/sy-bahati.de\/?page_id=577"},"modified":"2014-03-06T08:48:40","modified_gmt":"2014-03-06T08:48:40","slug":"segel","status":"publish","type":"page","link":"https:\/\/sy-bahati.de\/?page_id=577","title":{"rendered":"Segel"},"content":{"rendered":"<p>Es ist schon unglaublich. Selbst ein bisschen Ostsee beansprucht die Segel doch extrem. Speziell vor unserem Trip sollten die Segel\u00a0v\u00f6llig in Ordnung sein. Dies selbst machen zu wollen, ist wohl keine gute Idee. Deshalb haben wir den Segelmacher unseres Vertrauens in Heiligenhafen gefunden und mit der \u00dcberarbeitung der Segel beauftragt. Bei <a title=\"Segelmacher\" href=\"http:\/\/www.OundH.de\" target=\"_blank\">Oeverdiek und Heinritz <\/a>werden \u00fcber den Winter 2013\/14 die Genua und das Gro\u00df repariert. An der Genua haben sich einige N\u00e4hte gel\u00f6st und im Gro\u00df ist eine Latte gebrochen und die Lattentasche gerissen. Auch am Gro\u00df m\u00fcssen einige N\u00e4hte nachgearbeitet werden.<br \/>\nBei der Gelegenheit haben wir auch unsere Sprayhood zur \u00dcberarbeitung und Reinigung abgegeben sowie das Lazybag mit ausgerissenem Reisverschluss.<br \/>\nBis zu unserer Abfahrt erstellt Overdiek und Heinritz f\u00fcr unser Schiff ein Bimini. Auf dem\u00a0Bimini wollen wir mit Druckkn\u00f6pfen Textilsolarpanels befestigen, die bei zusammengeklapptem Bimini ersatzweise auf der Sprayhood platziert werden k\u00f6nnen. Dazu mehr im Kapitel <a title=\"Yacht Aufr\u00fcstung\" href=\"https:\/\/sy-bahati.de\/?page_id=111\" target=\"_blank\">Aufr\u00fcstung<\/a>.<\/p>\n<p style=\"text-align: left;\"><a title=\"Checks\" href=\"https:\/\/sy-bahati.de\/?page_id=535\" target=\"_blank\">ZUR\u00dcCK<\/a><\/p>\n<p style=\"text-align: right;\">04.03.2014<\/p>\n","protected":false},"excerpt":{"rendered":"<p>Es ist schon unglaublich. Selbst ein bisschen Ostsee beansprucht die Segel doch extrem. Speziell vor unserem Trip sollten die Segel\u00a0v\u00f6llig in Ordnung sein. Dies selbst machen zu wollen, ist wohl keine gute Idee. Deshalb haben wir den Segelmacher unseres Vertrauens &hellip; <a href=\"https:\/\/sy-bahati.de\/?page_id=577\">Weiterlesen <span class=\"meta-nav\">&rarr;<\/span><\/a><\/p>\n","protected":false},"author":1,"featured_media":0,"parent":535,"menu_order":0,"comment_status":"closed","ping_status":"closed","template":"sidebar-page.php","meta":{"_exactmetrics_skip_tracking":false,"_exactmetrics_sitenote_active":false,"_exactmetrics_sitenote_note":"","_exactmetrics_sitenote_category":0,"footnotes":""},"class_list":["post-577","page","type-page","status-publish","hentry"],"_links":{"self":[{"href":"https:\/\/sy-bahati.de\/index.php?rest_route=\/wp\/v2\/pages\/577","targetHints":{"allow":["GET"]}}],"collection":[{"href":"https:\/\/sy-bahati.de\/index.php?rest_route=\/wp\/v2\/pages"}],"about":[{"href":"https:\/\/sy-bahati.de\/index.php?rest_route=\/wp\/v2\/types\/page"}],"author":[{"embeddable":true,"href":"https:\/\/sy-bahati.de\/index.php?rest_route=\/wp\/v2\/users\/1"}],"replies":[{"embeddable":true,"href":"https:\/\/sy-bahati.de\/index.php?rest_route=%2Fwp%2Fv2%2Fcomments&post=577"}],"version-history":[{"count":1,"href":"https:\/\/sy-bahati.de\/index.php?rest_route=\/wp\/v2\/pages\/577\/revisions"}],"predecessor-version":[{"id":578,"href":"https:\/\/sy-bahati.de\/index.php?rest_route=\/wp\/v2\/pages\/577\/revisions\/578"}],"up":[{"embeddable":true,"href":"https:\/\/sy-bahati.de\/index.php?rest_route=\/wp\/v2\/pages\/535"}],"wp:attachment":[{"href":"https:\/\/sy-bahati.de\/index.php?rest_route=%2Fwp%2Fv2%2Fmedia&parent=577"}],"curies":[{"name":"wp","href":"https:\/\/api.w.org\/{rel}","templated":true}]}}